m) - 4*u(m). Calculate the remainder when r is divided by x(12).
10
Suppose -3992 - 5566 = -54*t. Calculate the remainder when t is divided by 37.
29
Let b = 48 + -28. Suppose 2*r - 74 = -5*t + 170, 0 = 5*t - 3*r - 284. Calculate the remainder when t is divided by b.
12
Let o(l) = -980*l + 1980. What is the remainder when (-57)/(-3)*(5 + 0) is divided by o(2)?
15
Calculate the remainder when 49*(-3)/((-33)/77) is divided by 320.
23
Suppose k - 1 = 0, -2*l + 0*l - k + 109 = 0. Let d(z) = 56*z - 1325. What is the remainder when l is divided by d(24)?
16
Suppose 8849 = -3*s - 5599. Let p be (-2)/(-3) - s/(-42). Calculate the remainder when 75 is divided by p/4*14/(-21).
18
Suppose 2*i + 4 = 3*i. Let m be (-1288)/(-126) + i/(-18). Let w(y) = 3*y - 13. Calculate the remainder when w(m) is divided by 6.
5
Let w be (0 + 6)/((8/(-10))/(-2)). Let i be (-38)/(-10) - (-3)/w. Suppose -2*l + f = -l - 13, i*l = -4*f + 12. Calculate the remainder when 29 is divided by l.
5
Suppose 3*f + 2553 = 5*u, 5*u - 303*f - 2585 = -308*f. Calculate the remainder when u is divided by 98.
23
Let u(n) = -44*n + 882. What is the remainder when u(18) is divided by 53?
37
Suppose 21*b = 22*b - 2*x - 90, 2*x + 6 = 0. What is the remainder when 1259 is divided by b?
83
Let k(y) = 29*y. Let o(b) = -b**2 - 3*b + 1. Let d be o(-3). What is the remainder when k(d) is divided by ((-24)/(-14))/1*140/40?
5
Let m(c) = 2*c + 44. Suppose 0 = 5*a - 7*a - 12. Let y be m(a). Let z = y - -78. What is the remainder when z is divided by 14?
12
Suppose 10*h - 3*h - 35 = 0. Let v(g) = -7*g + 4. Let q be v(-2). Suppose -78 + q = -6*t. Calculate the remainder when t is divided by h.
0
Suppose 2*j = 5*s + 170, -49*j - 5*s - 410 = -54*j. Let w(q) be the second derivative of q**4/12 - q**2 - q. What is the remainder when j is divided by w(-4)?
10
Let s = 679 - 665. What is the remainder when s is divided by 14?
0
What is the remainder when ((-342)/(-15))/(5 + (-1638)/330) is divided by 313?
1
Suppose -219*t = -201*t - 1080. What is the remainder when t is divided by 25?
10
Let g(j) = 8*j - 244. Let h be g(34). Let q(s) = s**3 - 28*s**2 + 5*s - 129. Let a(u) = 4*u**2 - u + 2. Calculate the remainder when a(-2) is divided by q(h).
9
Suppose 9*u = 44 + 10. What is the remainder when ((-22)/(-33))/(u/855) is divided by 11?
7
Suppose -30*r + 39*r - 45 = 0. Suppose 3*s + 3 = 0, 13 - 58 = -r*h - 5*s. Calculate the remainder when 15 is divided by h.
5
Suppose 0 = 3*q + 2*i - 252, 3*q - i = 238 + 23. What is the remainder when (-5)/((-5)/q)*6/12 is divided by 16?
11
Let m = 31907 + -31858. What is the remainder when 415 is divided by m?
23
Suppose -4*z = -16, 3917*q = 3913*q - 5*z + 56. Calculate the remainder when 1205 is divided by q.
8
Suppose -10*q = -6*q - 264. Suppose 0 = 3*i - 15 - q. Suppose 42 = 30*h - i*h. Calculate the remainder when 27 is divided by h.
13
Let u = -269 + 365. Suppose -62 = -3*f + y - 3*y, 0 = -4*f + 4*y + u. What is the remainder when (-3)/((-6)/(-172))*-1 is divided by f?
20
Let f be 8 + 182/(-39) + 4/6. Suppose -2 = -a - 2*b - f, -4*b - 10 = -a. Calculate the remainder when 37 is divided by (4/10)/(a/50).
7
Let n(y) = 2*y - 39. Let o be n(16). Let g be -1 + 5 + 119/o. Let d = -2 - g. Calculate the remainder when 52 is divided by d.
8
Let c(k) = 2*k**2 + 10*k + 26. Let x(g) = g**2 + 5*g + 13. Let a(h) = -2*c(h) + 5*x(h). What is the remainder when 34 is divided by a(-3)?
6
Suppose 5*y = -6 + 56. Suppose 120 = y*r - 350. Calculate the remainder when 280 is divided by r.
45
Let l(t) = -t**3 + 18*t**2 - 76*t + 18. What is the remainder when 444 is divided by l(11)?
9
Let a be -1*(-319 + (-12)/4). Let w = a - 297. Calculate the remainder when w is divided by 12.
1
Suppose 3*f = 3*p - 114, 4*f + 18 = 38. Let h(r) = 6*r**2 + r - 1. Let i be h(3). Suppose -i - p = -y. What is the remainder when y is divided by 25?
24
Let w(f) = f**3 + f**2 - f + 1. Let d(i) = -i**3 + 10*i**2 - 7*i - 5. Let x(q) = -d(q) - 2*w(q). What is the remainder when x(-13) is divided by 29?
26
Let y(r) = 19*r + 30. Suppose 0 = 8*l - 228 + 84. What is the remainder when y(4) is divided by l?
16
Let m(y) = y + 5. Let z(f) = 7*f + 258. Let d(q) = -m(q) + z(q). What is the remainder when d(19) is divided by 23?
22
Let m(p) = -p**3 + 6*p**2 + 31*p - 9. Let w be m(9). Calculate the remainder when w*((-140)/(-15))/2 is divided by 16.
14
Let w = -13972 + 14010. What is the remainder when w is divided by 2?
0
Let k(w) = -4*w**3 + 3*w - 2. Let n(o) = -95*o + 29418. Calculate the remainder when k(-4) is divided by n(309).
53
Suppose -3 = -x - 1, 0 = -3*q - 3*x + 24. Let w = 9 - 4. Suppose 0 = -q*o + w + 7. Calculate the remainder when 9 is divided by o.
1
Let s = 163 + -149. Suppose 20*n - 66 = s*n. Calculate the remainder when 26 is divided by n.
4
Let q = -64 + 146. Let o(m) = m**2 + 6*m + 11. Let u be o(-4). Suppose -3*h + 45 = u*f, -f - 4*f = 2*h - 66. Calculate the remainder when q is divided by f.
10
Suppose -4*q + 44 = -2*q - 2*c, 0 = 2*q - 3*c - 39. Suppose 3*h + 63 = f, 0 = -f + 2*h + q + 38. What is the remainder when f is divided by 39?
30
Let b be -39*5*(-3)/3*1. Let t = 405 - b. Calculate the remainder when ((-4)/(-5))/(4/t) is divided by 11.
9
Suppose 2*j - 2 = 3*j - 3*l, 0 = -3*j - 2*l + 38. Let z(d) = 2*d**2 - 5*d - 100. What is the remainder when 297 is divided by z(j)?
47
Let y(j) = -260*j - 777. What is the remainder when 46 is divided by y(-3)?
1
Suppose -76*v = -24*v - 19*v - 13068. Calculate the remainder when 9104 is divided by v.
392
Let d(a) = 257*a**2 - 1. Let f(q) = -4*q**2 - q**3 - 5*q**2 + 316*q - 3 - 324*q + 4*q**2. What is the remainder when d(1) is divided by f(-5)?
34
Let t(i) = -i + 83. Suppose -198 = 53*v - 62*v. What is the remainder when 108 is divided by t(v)?
47
Suppose 4*p - 115 = m - 46, 0 = -2*p + 3*m + 17. What is the remainder when 8774 is divided by p?
15
Suppose 2*c - 10 = 2*n + 2, n + 27 = 4*c. Suppose 3*p + c*p = 160. What is the remainder when 78 is divided by p/18*-3*-6?
14
Suppose 12*v - 4*f = 10*v + 74, -2*f - 10 = 0. What is the remainder when 1699 is divided by v?
25
Let u(t) = 13*t + 143. Let j be u(-12). Calculate the remainder when 36 is divided by (-6)/3*j + -3.
13
Let t(w) = 65*w**3 - 5*w**2 + 6*w - 1. Let z(l) = 44*l + 221. Let x be z(-5). Calculate the remainder when 143 is divided by t(x).
13
Suppose -4*a - 100 = -9*a. Suppose 4 = -2*c - 2*c, -4 = -t + 3*c. Calculate the remainder when a is divided by t*(9 + 6/(-3)).
6
Let a be ((-10)/(-8))/((-1198)/(-600) + -2). What is the remainder when (18/(-10))/(15/a) is divided by 25?
20
Let y be (9/4 - 2) + (-65)/20. What is the remainder when (-99)/(-2) + y/(-2) is divided by 19?
13
Let p(q) = 2*q**3 + 12*q**2 - 27*q + 5. Let m be p(5). Suppose m = -57*d + 63*d. What is the remainder when d is divided by 18?
16
Suppose -24 = -2*q + l, -6*l = 2*q - l - 24. Suppose -5*p - 3*u + 66 = 0, 5*u - 33 = -4*p + q. What is the remainder when 344 is divided by p?
14
Suppose 6*c - 607 = 74 + 201. What is the remainder when 3107 is divided by c?
20
Let c be (-76)/(-5)*270/108. Suppose 0 = -4*s - 5 + 13, 5*f - c = s. Calculate the remainder when 63 is divided by f.
7
Suppose 1771 = 68*n - 75*n. Let j = 257 + n. What is the remainder when j is divided by 4?
0
Suppose -12231 = -172*q + 21*q. What is the remainder when q is divided by 47?
34
Suppose -20*o + 736 = -2304. Calculate the remainder when (-45)/(-30)*o/3 is divided by 41.
35
Let c(j) = -1084*j - 2 + 12 + 19*j**2 + j**3 + 1011*j. Calculate the remainder when c(-22) is divided by 13.
8
Suppose -k = 9 - 36. Let a = -10 - -13. Suppose 0 = -u + a*u - 30. What is the remainder when k is divided by u?
12
Let b(d) = 2282*d - 59330. Suppose 0 = -2*q + n + 39, 4*n - 22 - 9 = -3*q. Calculate the remainder when q is divided by b(26).
1
Suppose -14 = 4*b - 3*v - 4, -3*b + 7 = 5*v. Calculate the remainder when (-2 + 3)/(b/(-47)) is divided by 0 + (-220)/(-12 + 2) + -3 + -2.
13
Let d(a) = 406*a - 479. What is the remainder when d(5) is divided by 104?
95
Suppose b - 52 = -36. Suppose 0 = 129*a - 130*a + 185. What is the remainder when a is divided by b?
9
Let k = -64 - -256. Let m = -123 + k. What is the remainder when m is divided by 16?
5
Suppose -4*w + 325 = -5*r, 0 = -4*w + 138*r - 141*